 + 5)*(1 + -3). Let w = q - -3525. Is w a composite number?
False
Suppose -40510 - 47753 = -7*b. Suppose k - b = 1220. Is k prime?
True
Let k = -11645 + 37606. Is k prime?
False
Let i = -1481 + 501. Let a = i - -1687. Is a prime?
False
Let b = 38941 - -6786. Is b a composite number?
True
Suppose -6186 = -6*h + 2*h + 2*w, -3*h + w + 4637 = 0. Let v = h - 621. Is v composite?
True
Suppose -400*d - 69222782 = -474*d. Is d a composite number?
False
Suppose -9 = -p - 5. Suppose 583 = -p*w - 1093. Let l = 1002 + w. Is l composite?
True
Let a(h) = -10*h**3 - 7*h**2 - 26*h - 14. Let b(r) = -23*r**3 - 14*r**2 - 52*r - 29. Let q(x) = 7*a(x) - 3*b(x). Let p = 9 - 24. Is q(p) composite?
False
Suppose -3*n = -10*o + 11*o - 15, -25 = -5*n. Suppose o = 197*a - 192*a - 15065. Is a a composite number?
True
Let h(j) = 2*j**2 - 10*j + 3. Let w be h(5). Suppose -2*y = w*y - 14605. Is y a composite number?
True
Let t(w) be the first derivative of 1464*w**2 + 101*w + 51. Is t(5) a prime number?
True
Let h be -1 + -1 - 24147/(-3). Let c = 15608 - h. Is c a composite number?
False
Let l be 0 - (-18 + 8/2). Suppose 15*g = l*g. Suppose g = u - 1224 + 437. Is u prime?
True
Is (-1077453 + 11)/((-33)/21 + (-15)/35) prime?
True
Suppose 3*a = a - 2*a. Suppose a = y + y - 2, -3*g - y = -2281. Let r = -317 + g. Is r a prime number?
True
Suppose 7*s - 33*s = -20*s - 3833958. Is s composite?
False
Let j be (1 + -9)/((112/(-12831))/16). Suppose j = 2*y + 2*x, 52*y - 21995 = 49*y - 2*x. Is y prime?
True
Suppose -2*j + 9 = -2*h - 5, -h - 19 = -4*j. Suppose 0*c + j*c - 3*q = -1587, 5*c + 1990 = 5*q. Let i = c - -842. Is i composite?
False
Let p(w) = 8810*w**2 - 88*w + 643. Is p(13) a composite number?
True
Is 2194*4/(-8)*(3 - 10) composite?
True
Let r(u) = -414*u + 1. Let s be r(-1). Suppose 4*y - 18 = 3*q - 1, -5*y = 2*q - 4. Is 3 + -1 + s - y a prime number?
False
Let l = -13 - -23. Let x(r) = 1134*r - 209. Is x(l) a prime number?
True
Suppose 3*y = -l + 107 + 175, -l + 5*y = -290. Let t = 1 - -9. Is ((-14)/(-3))/(t/l) a composite number?
True
Let m = -474 - -1835. Is m a composite number?
False
Let c be (3/6)/(7/28). Suppose 5*b = -v - 2506, -v + 992 = -c*b - 4*v. Is (b*2/(-12))/(1/3) composite?
False
Let z(f) be the second derivative of 5*f**4/4 - f**3/2 + 5*f**2/2 + 29*f. Let a be z(-4). Suppose 4*h - 2*h - a = 5*r, 372 = 3*h - 3*r. Is h prime?
False
Let m = 91318 + -6023. Suppose 9*b - 16*b + m = 0. Is b composite?
True
Suppose -23*f + 57*f = 31*f + 623817. Is f a composite number?
True
Suppose 32*f - 19*f + 41*f = 7936218. Is f a prime number?
False
Let p(l) be the first derivative of -2*l**3/3 - 53*l**2/2 - 83*l + 155. Is p(-24) a prime number?
True
Let b(i) = 500*i + 38. Let d = -68 - -63. Let f be b(d). Let t = -1691 - f. Is t composite?
True
Let m(c) = c + 15. Let w be m(-10). Let g be (111/(-185))/(1 + (-6)/w). Suppose -5*u = 0, -g*t - 2*u = 2*t - 1655. Is t a composite number?
False
Let b(u) = 52*u**2 + 24*u - 443. Is b(-75) a composite number?
True
Let m be ((-1)/2 - 3)*40/(-14). Let x be 24/30*m/(-2). Is ((-271)/x + -3)/((-2)/(-8)) a composite number?
True
Let f = 779 - 695. Is f/(-12) - (1 + -1374) a prime number?
False
Let q = -204 - -476. Is ((-3604)/q)/(2/(-424)) a prime number?
False
Let u(z) = 16*z**2 - 28*z - 883. Is u(-100) a prime number?
False
Is (-2054502)/(-46) - (-66)/(-759) composite?
True
Let q = 58 + -58. Suppose q = -6*b - b + 441. Suppose 61*u - b*u = -2738. Is u a prime number?
False
Suppose 0*t + 3*t = 0. Suppose t = 6*c - 7*c. Suppose 4*x - 2*s = -c*x + 3556, 5*s = 2*x - 1778. Is x a prime number?
False
Let u(a) = a**2 + 16*a + 5. Let q be u(-16). Let g be (5*q/75)/((-1)/(-18)). Is (-2 - (-21)/g)*334 prime?
False
Let o(b) = 304*b + 34. Let p be o(8). Let a = p + -773. Is a a composite number?
False
Suppose 5*w + 2977894 = 3*q, -39*q - w = -37*q - 1985241. Is q prime?
True
Suppose 10*n - 1384798 = 390772. Is n a prime number?
False
Let k = 734569 - 420530. Is k prime?
False
Let l(f) = -f - 10. Let m be l(-7). Is (-4 - (-3)/m) + 578 a composite number?
True
Let n(v) = -43*v**2 + 15*v + 4 - 6*v + 32*v**2 + v + v**3. Let s be n(10). Suppose -4*o - 3543 + 55 = -4*r, -s*r = -3*o - 3493. Is r a composite number?
False
Let q = -64 + 68. Suppose 4*v = -b + 6506, -q*b - v = -0*v - 26009. Is b prime?
False
Let g(z) = z**2 - 3*z - 14. Let c be g(6). Suppose 0 = -4*u - c*j - 8, -22 = 5*u - 10*u + 3*j. Is (-3)/(-6)*251*u composite?
False
Suppose 0 = -2*v - 3*b + 2971727, -92*v = -97*v + b + 7429258. Is v a composite number?
False
Let k be -30*15/25*58/(-3). Let d be (-5)/15*-9 - k. Let l = -94 - d. Is l a composite number?
False
Let f(g) be the first derivative of g**4 - 16*g**3/3 - 15*g**2/2 - 29*g + 155. Is f(14) a composite number?
True
Let v be (-727091)/(-9) + 54/486. Suppose -5*k + v = 4*f + 4304, 4*k = 0. Is f a composite number?
False
Suppose -5*i - 3*o + 87148 = 0, 6*o - 4 = 7*o. Suppose 192*y - 200*y = -i. Is y composite?
False
Let u be (-18)/12*(-5 + 3). Suppose -u*k + 10301 = -27820. Is k a prime number?
False
Suppose -3*x + k = 75, 5*x + 2*k + 32 = 4*x. Is (-16)/104 + (-81722)/x a prime number?
False
Is 8/120*-6 - 112491/(-15) prime?
True
Suppose -3*q = -5*x - 19, 0 = -45*x + 41*x - 4*q + 4. Let w = 0 - 5. Is (-2 + -5082 + x)/(3 + w) a composite number?
False
Let b be ((32/(-12))/2)/(4/(-12)). Suppose -b*p + 0*p - 15589 = -3*q, 0 = 2*q + p - 10389. Is q a composite number?
True
Suppose -c = -4*f - 4*c - 2243, -4*f - 2*c - 2246 = 0. Let y = f - -2559. Suppose 3*p - s = -4*s + 1986, -3*p - s + y = 0. Is p a prime number?
False
Let l(g) = 165*g + 28. Let a = -163 + 188. Is l(a) a prime number?
True
Suppose 570976 - 7068 = 4*q - 0*q. Is q a prime number?
True
Suppose 4*v = 5*t + 107412, -5*v + 15216 = -t - 119049. Let c = v + -5234. Is c prime?
False
Let b be (-1)/(2/(-12))*1. Let g(k) be the third derivative of 95*k**4/24 - 7*k**3/6 - 994*k**2. Is g(b) a composite number?
False
Let m = -32159 - -58750. Is m a composite number?
False
Let z = 120922 - 62037. Is z a prime number?
False
Suppose -2*v + 2*w = -1325782, 5*v + 85*w = 89*w + 3314451. Is v composite?
True
Let n be -4 + 3 + 0 - -3. Suppose -n*m + 2952 = -5*m. Let f = m - -1939. Is f composite?
True
Let q(s) = -s**3 - 6*s**2 + 7*s + 2. Let h be q(-7). Suppose -d + 51861 = h*z - 0*d, -5*d = z - 25926. Is z a composite number?
False
Let o be (-6)/(-18) - 77830/(-15). Let s = o - 1602. Is s a prime number?
False
Suppose 4*b = 5*b. Suppose -9*g + 3*g + 32826 = b. Is g composite?
False
Let i(g) be the second derivative of 43*g**3/3 - 2*g**2 + 3*g. Let k be i(2). Let t = k + 467. Is t prime?
False
Suppose -3*l - 45 - 104 = -j, 4*j - 630 = -5*l. Is j a composite number?
True
Is ((-191210)/(-3))/(-2)*(-549)/305 a prime number?
False
Let d = 12725 + 112406. Is d composite?
False
Let v = -11 - -198. Let m = 17 + v. Suppose 0 = -6*c + m + 138. Is c a composite number?
True
Let t(i) be the third derivative of 37/24*i**4 - 9*i**3 + 28*i**2 + 0*i + 0. Is t(23) a prime number?
True
Suppose -2*j = 18 - 50. Suppose -636 = j*b - 18*b. Suppose b = o + 2*o + 5*u, 0 = o - 3*u - 120. Is o prime?
False
Let c be -39*(0 + -2)/2. Suppose -6*p - 48 = 10*p. Is 20033/c*p/(2/(-2)) composite?
True
Suppose 0 = -553*o + 484*o + 8782251. Is o a composite number?
True
Is (10/(-3))/(78/(-154323))*(-148)/(-20) a composite number?
True
Suppose 24*i - 6729912 = -1329024. Is i a composite number?
False
Let x = 5784 - -2196. Suppose 0 = -4*u + 20*f - 17*f + 31893, -u + 3*f = -x. Is u prime?
False
Let m(c) = 3*c**3 - 53*c**2 - 7*c + 13. Let v be m(30). Is (v/14)/((-6)/(-12)) prime?
True
Let z = -193 + 21. Is 5847/(z/(-60) + 12/90) a composite number?
False
Suppose 2*z + b - 6 = 0, z - b + 7 = b. Let t(p) = 2838*p**2 - 8*p + 7. Is t(z) prime?
True
Suppose 58031 = -25*k + 2768836 + 1206020. Is k prime?
False
Let q(x) = x - 7. Let p be q(5). Is p*((-1345)/(-10))/(-1) a prime number?
True
Let h be 54/(-135) + (-7612)/(-5). Suppose h + 1640 = 3*u. Suppose 0 = -6*s + u + 4856. Is s prime?
False
Suppose -272*m = -265*m - 35. Is m/((-20)/7298)*(-2 + 0) a composite number?
True
Let g(a) = -4*a + 23. Suppose -6*m + 3*m + 10 = 5*o, 5*o = -5*m. Let c be g(o). Suppose 0 = -z - c*d + 1789, 3*z + 9*d = 4*d + 5383. Is z prime?
True
Let f(j) = -j**